 -125?
-125
3 + 0 + 0 + (-6 - 12) + 9
-6
-3 + -67 + -2 - (-2 + 48 + -57)
-61
What is the value of -33 + 27 + -36 + 38?
-4
What is the value of 34 + 4 + -17 + 7 + -14?
14
Calculate -68 + -6 + (1104 - 965).
65
What is (7 - 95) + -42 + 57 + -28?
-101
-20 + (26 - ((-8 - (8 - 24)) + 1))
-3
Calculate 1 + (15 - (-41 + (19 - -2))).
36
Calculate -6 + (-12 - (30 - 63)).
15
Calculate -9 + 45 + -148 + 156.
44
126 + 2 + -112 + 81
97
What is the value of 26 + -69 - (-3 + 11 + -2 + (5 - 2))?
-52
Evaluate -1 - 16 - ((-227 - -146) + 62).
2
(3 - (32 - -8)) + 1
-36
-6 - -14 - -3 - 12 - 3 - 4
-8
Evaluate 406 + -393 - (3 - ((-33 - -3) + 2)).
-18
What is 0 - (17 + (-16 - (12 + -19)) + 1 + 1)?
-10
What is the value of 21 + (-92 - -119) + -32?
16
-159 + -90 + 90 + 69
-90
What is -1 - (-150 + -98 - -136)?
111
Evaluate (286 - 280 - (20 + -1)) + -31 + -4 + -9.
-57
Calculate 72 + (-123 - (-31 + -43)).
23
What is the value of 10 + ((-50 - -76) + -41 + 4 - (-51 + 0))?
50
What is the value of 1 + 6 + (-46 - 33 - -44)?
-28
What is 26 + -32 - (-3 + 0 + (41 - 10))?
-34
What is -1 + 3 - (-7 - 75) - (-61 - -75)?
70
0 - -30 - (-47 - (-49 - 3))
25
What is the value of (4 + -8 - -4) + (73 - (-25 + 37))?
61
Calculate 0 + 1 + (13 + (-14 - -5) + 4 - -4).
13
Calculate (-1 - 2) + (456 - 419).
34
Evaluate (8 - -70) + (105 - 118).
65
Evaluate 153 + -28 + -68 + 28 + 31.
116
Calculate (-31 - 85) + (15 - (-1 - -1 - 1)).
-100
What is 9 - (-33 + 24 + (-23 - 2))?
43
Calculate -122 + 177 + -15 + 0.
40
(49 - 35) + 0 + -45 + -17 - -5
-43
2834 + -2993 - (-5 - 98)
-56
Calculate -226 - -243 - (-91 - -4).
104
-30 + -5 + (-29 - -39)
-25
Evaluate 83 - (32 + 1 + -74 + 44).
80
What is (-2 - -2 - 9) + 2 + (-10 - -6 - 2)?
-13
29 - ((-61 - -33) + 124)
-67
What is the value of -33 + -9 + 23 - -8 - -18?
7
Calculate (-214 + 219 - (-1 + 11)) + (-34 - -20).
-19
What is the value of (15 + -42 - 7) + (3 + -7 - 0) + 2?
-36
Evaluate -9 - -88 - (1095 - 953).
-63
84 + -5 + (0 - 0 - 16) + 33 + -24
72
Evaluate -10 + 1 + -6 + (-68 - -6) + (-5 - -14).
-68
What is -5 + (12 - -4) - (-7 + 19 + -17 + 17)?
-1
What is 0 + (-17 - -8 - -22) + 7 + -23?
-3
What is (-3 - 14) + 22 + -17 + (-19 - -4)?
-27
What is -5 + (0 + 0 - (8 - -6 - (16 - 5)))?
-8
What is the value of (-2 - -55) + (5 + -38 - -29)?
49
Evaluate -159 + 13 + (50 - -100).
4
Evaluate 69 - (147 - 71 - 54).
47
Calculate 1 + 11 - (-277 + 328).
-39
Evaluate -4 + (72 - 107 - 43) - (-1 + 2).
-83
What is the value of (-7 - (20 + -12 - -6)) + -8 + 9?
-20
Evaluate (-61 - -29) + 17 - (3 + (5 - 36)).
13
Calculate ((11 - 1) + -6 + -2 - -13) + -25 + 77.
67
What is the value of 9 - (-13 - (-20 + -7) - -3)?
-8
Calculate -42 - ((-88 - -92) + (7 - -5)).
-58
Calculate -75 - (58 + (-5 - 36)).
-92
Evaluate (18 - (-2 - (-1 - (2 - -13)))) + (91 - -5).
100
Evaluate (25 - -53) + 4 + 0 - ((17 - 14) + -4).
83
(1316 - 1314) + (1 + 4 - (4 - -4))
-1
Evaluate -10 - 0 - (7 + (-16 - (4 + (-13 - 16)))).
-26
What is the value of -17 + 7 + -108 + (-3 - 5 - -8 - 7)?
-125
Calculate -1 + -11 - (497 - 539).
30
Calculate (1 - -20) + -4 - (188 + -275).
104
Calculate 32 + -18 + -65 + 53.
2
Calculate 2 - (212 - 194 - (0 + 4)).
-12
Evaluate -8 + 6 + -6 + -3 - -9 - -12.
10
Evaluate (-842 - -829) + 14 + -5 + 0.
-4
What is 268 - 295 - (-23 - (3 - (-1 + 9)))?
-9
-114 + 121 + 17 + 4 + -6
22
(-1 + 7 - 1) + (115 - (109 - 12)) - 12
11
(14 - 1) + (-3 - -20) + -401 + 406 + 3
38
Calculate 232 + -237 + 84 + -120.
-41
Evaluate (37 + -39 - (8 + 0)) + -21.
-31
(63 - (-8 + 60)) + -16 + 1
-4
What is the value of 66 - (-146 + 54 - -97 - (-13 + -1))?
47
What is 14 + -2 - ((56 - (57 - 188)) + -39)?
-136
Calculate (7 - 0 - (7 - -24)) + -42.
-66
83 + 74 + (-28 - 39)
90
93 - ((-3 - 11 - -7) + -8 + 19)
89
(48 - 2) + -18 - (6 + 6)
16
What is the value of 0 + -4 + (-5 - (33 + -20)) + (-1 - -5)?
-18
-121 - 0 - (-10717 - -10597)
-1
What is the value of 34 - (-42 + 52) - -17?
41
What is -5 + (-70 - (-9 + 18 + -1)) + 1?
-82
Evaluate (3 - (1 + -27)) + -255 + 273.
47
What is the value of 8 + (-75 - -79) + -9 + 0 + 0?
3
What is -73 - 6 - (-56 - (-18 + -82))?
-123
What is the value of 359 + -351 - (3 + 24 + (4 - 2))?
-21
What is the value of (1028 - 1055) + (38 - 1) + -28 + -1?
-19
Calculate 330 + -314 + 3 + -16 + 6 + 1.
10
(1 - (0 + -15)) + (-59 + 126 - -78 - 9)
152
-22 - (71 + (-76 - -26) - (42 + 1))
0
104 + -101 - (0 + (0 - -3)) - (21 - 29)
8
-47 + (83 - (-30 + 67))
-1
Calculate 73 - ((-16 - (1 - -1)) + (-829 - -847)).
73
Calculate 2 - (-3 + 19) - (-9 - 14).
9
36 + -83 + 60 + (-12 - -6) + 24
31
Calculate (-1 - -3) + 246 + -247 + 4 + -11.
-6
What is the value of -91 + -8 + (68 - 8)?
-39
Evaluate 46 + 32 + -66 + 36 - -31.
79
Calculate 44 - 59 - 61 - -152.
76
13 + -47 + 7 - (-43 - -20)
-4
What is -60 - -1 - (-2 + 25 + -25 + -14)?
-43
123 - ((-181 - -119) + 139)
46
What is 58 - ((1 - -1) + -59 + 80 + -20)?
55
Evaluate 0 + 1 + -16 - (-166 + -47 + (57 - -59)).
82
Calculate 34 - ((-36 - -160) + -38).
-52
Evaluate -7 - ((40 - (52 + -14)) + (2 - 68)).
57
23 + (-13 - 3) - 7
0
Evaluate 4 - -2 - (-6 - 5) - (-553 - -582).
-12
What is the value of (3 + -3 + 3 - 37) + 22?
-12
Evaluate 14 + (-1 + 29 - (-44 + 36 - -2)).
48
-5233 - -5223 - (1 + -2 + -39) - 6
24
Evaluate 16 + -25 + -14 + 11 - (-39 + 1).
26
-60 - (-2 + (-25 - -32 - 9))
-56
What is the value of 14 + 4 + (36 + -1 - 3)?
50
Calculate (-5 - (-2 + -54) - (-7 - -2)) + (-591 - -582).
47
Calculate -22 + -85 + 16 + (1 - (4 - 1)).
-93
What is the value of (0 + 22 - 18) + (-2 - -18)?
20
-8 - (-22 - (48 + -45))
17
Evaluate (34 - 19) + -7 + -32 - (-138 - 6).
120
What is the value of -30 + (-21 + 7 - (-36 + 20 - -10))?
-38
What is 55 + -54 - (0 + -13 - 1) - 10?
5
Evaluate (-27 + (-18 - -10) - -102) + -25.
42
-34 - (49 - 35) - ((6 - 2) + (-9 - -1))
-44
-71 + 68 - (9 - (0 - (-3 - -5) - -7))
-7
What is the value of (7 - (-1 + 2)) + (32 - (-42 + 124 - 25))?
-19
What is the value of -2 + 4 - 2 - (371 + -142 - 174)?
-55
Evaluate 41 + (-20 - 1 - -5) + (-2 - -1 - 6).
18
What is 2 + 30 + (-45 - (-30 - 19))?
36
Calculate (2 - 1) + 3 - (-338 + 396).
-54
What is the value of 75 + (-120 - -82) + 56?
93
What is (0 - 0 - (-167 - -159)) + -7 + -9 + 79?
71
Evaluate 96 + -57 + (-83 - -3).
-41
What is -46 - -46 - (-1 + (8 - (7 + -15 - -77)))?
62
What is 2 + -2 + 29 + 199 + -190 - 11?
27
(-1 + 9 + -26 - -6) + (-3 - -69)
54
132 + (-12 - -34 - 5 - 29 - 2)
118
Calculate 24 - ((69 - 88) + 126 + 3).
-86
-35 + (8 - 11) - (-169 + 163)
-32
What is the value of 9 + -42 + -4 + (-12 - -18) + 6?
-25
Evaluate -20 - ((11 - 12) + 4 + 4).
-27
Evaluate -84 - -70 - (-2 + 13) - (4 + -1).
-28
Evaluate -125 + 171 + -54 - (-55 - 0).
47
Evaluate -1 + 19 + (-163 - -75) - (6 - (0 + 6)).
-70
What is 8 - (-4 + -2 + (0 - 0)) - (178 - 62)?
-102
What is the value of -558 - -622 - (3 - 8)?
69
What is -3 + (41 - 23) - (3 + -5) - 138?
-121
What is the value of 16 - ((59 + -7 - 23) + 10)?
-23
Calculate -1 + -2 + -10 + 1 + 6 + 1.
-5
Calculate (14 - 3) + (188 - 213).
-14
What is the value of (7 - (30 + -10)) + (0 + -2 - (-3 + -12))?
0
-79 + (-64 - (70 - 95))
-118
Calculate -3 + (-12 - (-27 + 40 + (-119 - -3))).
88
Calculate 63 + (-38 - (42 + -43)).
26
What is (-20 - (-22 - (-4 + -8))) + (-5 + 1 - -96)?
82
Evaluate -6 + -5 + 47 + 34 + -4.
66
What is the value of (-3 - 5 - (-6 + (9 + -9 - 0))) + -23?
-25
Evaluate (-26 - -13) + (-3 - (6 - -46) - 15).
-83
Evaluate 20 - 74 - (101 + -98 + 0 + (-4 - 3)).
-50
What is (-8 - (11 + (-21 - 0) + -3)) + -66?
-61
Evaluate (3 - -127 - (-13 - -6)) + -24 + 8 + 9.
130
(-26 - (-45 - 27)) + 6 + 33
85
What is 49 + (-1 + 5 - ((-87 - -51) + 48))?
41
What is 106 - ((-7 + -2 - -2) + -5670 + 5678)?
105
Evaluate 179 + 42 + -209 + (1 - 101).
-88
31 + (-35 - (-87 + 42)) + -3 + -18 + 1
21
Evaluate 32 - (42 - 29) - (-22 - 0).
41
What is the value of -11 - (-11 - (9 - (-12 + 18)))?
3
What is 2 + (-8 - ((-55 - -9) + 0 - (-1 - -3)))?
42
Evaluate -1 + 2 + 0 + -20 - 1 - (-42909 + 42902).
-13
Evaluate (-2 - (-6 - -7 - (3 - 1))) + (-105 - -114).
8
-5 + (0 - 10) + 8 + 1 + 2 + 15
11
What is -87 - (-14 - 28) - -84?
39
What is the value of -63 + 60 + (-3 - -2 - -3) + 22?
21
What is the value of -9 - -12 - 70 - -16 - (-7 - 2 - 1)?
-41
What is the value of (-28 - (-3 + 18 - 25)) + 20?
2
Evaluate -19 + (-13 - 1) + (-112 - -125).
-20
Evaluate 16 + (25 - 40 -